= 51 + -20. Suppose -q + 444 = -s. Let r = -170 - s. What is the greatest common factor of 27 and r?
27
Let j be (-369)/(-15) + (-244)/(-610). What is the greatest common factor of j and 9?
1
Suppose -42 = 6*g, g - 100 = -2*x - 51. Calculate the greatest common divisor of 973 and x.
7
Let a be (-5 - 32/(-6))/(1/3). Let p be a + -1 + -1 - (-4 - 1). Let m be (1 - p) + 3 + (-135)/(-5). What is the highest common divisor of m and 9?
9
Suppose 5*q + 2854 = d, -3*d + 443 = 4*q - 7967. What is the greatest common factor of d and 84?
42
Let l = -3630 + 4855. Calculate the greatest common factor of l and 75.
25
Let b(f) = -941*f + 4. Let r be b(-1). Suppose 0*h - 35*h + r = 0. What is the greatest common factor of h and 81?
27
Suppose 5*b = 5*t - 545, -2*t + 4*b = t - 322. Suppose -72 = -116*w + t*w. Let k be (-3*(-7)/(-63))/((-2)/w). Calculate the highest common divisor of 6 and k.
6
Suppose 9*s - 440 = 4*s. Suppose 5*c = -2*u + 64, -62 = -3*u - 57*c + 58*c. Calculate the greatest common divisor of u and s.
22
Let q(v) = 881*v - 39. Let c be q(3). Calculate the greatest common divisor of c and 837.
93
Let u be 10/(-7) + (-7 - (-132028)/182). What is the greatest common factor of 5975 and u?
239
Suppose h + 155*j = 151*j + 180, 4*j = h - 140. Calculate the greatest common factor of 752 and h.
16
Suppose 90 = 4*g - 38. Let y be ((-26)/8)/((-8)/g). Calculate the greatest common factor of 13 and y.
13
Suppose 2*w = -41*b + 43*b - 3654, 2*w = 3*b - 5473. What is the highest common divisor of 17 and b?
17
Let u = 365 + -349. Suppose 0 = -3*s + 1027 - 259. Calculate the greatest common divisor of u and s.
16
Suppose -22*k + 310 = -323 - 71. Calculate the greatest common factor of 30608 and k.
16
Let u(d) = 5*d**2 + 154*d + 38. Let m be u(-32). Calculate the greatest common factor of 30 and m.
10
Let i = -14559 - -14584. What is the greatest common divisor of i and 5675?
25
Let i = 184 + -185. Let r be ((-54)/63)/(i/91). Suppose -a - 158 - 198 = -3*s, 4*a - 331 = -3*s. Calculate the highest common factor of r and s.
39
Suppose 14 = c - 5*a, -5*c - 26*a + 190 = -21*a. Let l(y) = 0 - y + 2*y - 5 + 85*y**2 + 6. Let v be l(-1). What is the greatest common factor of v and c?
17
Let g = 18365 + -18361. Let v(i) = i**3 - 2*i**2 - 5*i - 6. Let n be v(5). What is the greatest common divisor of g and n?
4
Let x be (-8)/(-12) - (15490/(-30) + 19). What is the highest common divisor of x and 258?
6
Suppose 2 = 6*h - 10. Let l(g) = -3*g + 19 - 138*g**2 + 131*g**h - 6*g - g**3 + 2*g**3. Let k be l(8). What is the greatest common divisor of k and 33?
11
Suppose -3*i - 1 = 5. Let s(p) = p**3 + 4*p**2 - p - 9. Let q be s(i). What is the highest common divisor of 1 and q?
1
Suppose -66266 = 311*q - 358*q + 9733. What is the greatest common divisor of 363 and q?
33
Let l be ((-2)/(-3))/((-2)/(-3)). Let y = 12 + l. Let g = 16260 + -16169. What is the highest common factor of g and y?
13
Let f(k) = -k + 1. Let i be f(-4). Suppose 4 = g - 8*y + 5*y, 0 = -5*g - i*y. What is the greatest common factor of g and 2?
1
Suppose 3*f - 4*f = -10. Let o(g) = 5*g**2 - g + 1. Let b be o(1). Suppose -4*c = -5*c + b. Calculate the highest common factor of c and f.
5
Let r = 1860 - 1588. What is the greatest common factor of r and 1020?
68
Let c(n) = n**2 - 25*n - 74. Let o be c(-17). What is the greatest common factor of 48 and o?
16
Let g be (9 + 48 - (2 - 1)) + -1. Let s be (-191)/(-6) - (-1)/6. Suppose -10 = 30*t - s*t. What is the highest common divisor of g and t?
5
Let t = 30287 - 30268. Suppose 2*k - 6*k + 228 = 0. Calculate the greatest common factor of t and k.
19
Suppose -m + 2*m - 46 = 0. Let j = -39 + m. Suppose 3 = -4*q + j. What is the highest common divisor of 9 and q?
1
Let j be (-15)/(-140)*7 - 89/(-4). What is the highest common factor of 1472 and j?
23
Let a(k) = 17*k**2 + 3*k - 9. Let u be a(3). Let p(f) = 21*f + 542. Let q be p(-25). What is the highest common divisor of q and u?
17
Let p = 629 - 381. Let b = -598 + 601. Suppose -2*a + 63 = q, 0*a + 2*q - 95 = -b*a. What is the highest common divisor of a and p?
31
Let s(z) = -z**3 + 20*z**2 - 5*z + 22. Let j be s(-7). What is the greatest common factor of 20 and j?
20
Suppose -4*q = 257 - 917. Let k = -587 - -587. Suppose k*f - q = -2*f + 5*d, f - 5*d - 85 = 0. Calculate the highest common divisor of f and 16.
16
Suppose 0 = 2*s - 4*r + 12, 25*s - 21*s - 4*r + 4 = 0. What is the greatest common divisor of 71 and s?
1
Suppose 3*i - 2*j = -5*j + 15, 2*j = -3*i + 13. Let u(t) = 2*t**2 + 4*t + 6. Let d be u(i). Let o = 29 + -17. Calculate the highest common factor of d and o.
12
Let o = 3425 - 3377. Let y = 20 - -184. Calculate the highest common factor of y and o.
12
Let m be (12/(-72)*(-36 + 0))/((-6)/(-52)). Calculate the highest common divisor of m and 9828.
52
Let t(r) = 10*r - 12. Let v(l) = -l**3 + 6*l**2 + 4*l - 4. Let q be v(6). Let m be 6/2 - 20/q. Let p be t(m). What is the highest common factor of 3 and p?
1
Let f = 11 - -13. Let m be 160/(-4 + 3)*360/75. Let n be (-2)/16 - 6240/m. What is the highest common factor of n and f?
8
Let c = 300 + -120. Suppose -c*u + 825 = -175*u. Suppose 0 = -y + g + 11, 0*g + 3*g = -5*y + 87. Calculate the highest common divisor of u and y.
15
Suppose -5*h - 352*t + 355*t = -2413, -978 = -2*h - 2*t. What is the highest common divisor of h and 90?
5
Let m(j) = 7*j**3 + 106*j**2 - 361*j - 8. Let u be m(-18). Suppose 5*s = -0*s + 10. What is the highest common divisor of s and u?
2
Let a(m) = 136*m**2 + 24 + 131*m**2 + 15*m - 262*m**2. Let f be a(-2). Calculate the greatest common factor of f and 12.
2
Suppose -870*v + 869*v + 14 + 22 = 0. Calculate the highest common factor of 306 and v.
18
Suppose 3*t = -5*x - 80, t + 3*t = -5*x - 80. Let c be (x/(-4))/((-1)/(-5 + 1)). Calculate the greatest common divisor of 112 and c.
16
Let f(p) be the first derivative of 3*p**2/2 + 3*p - 4. Suppose h - 6 = -0*h. Let q be f(h). What is the greatest common divisor of 147 and q?
21
Let c(f) = 113*f**2 + 35*f + 34. Let n be c(-1). What is the greatest common divisor of 6328 and n?
56
Suppose 9*s - 6*s - 5001 = 5*a, 3*a - 5025 = -3*s. Calculate the greatest common divisor of s and 33.
11
Let r = 10500 - 10418. What is the greatest common divisor of 533 and r?
41
Let u = -227 - -242. Let o = u + 117. What is the greatest common factor of 12 and o?
12
Suppose -239*d = -236*d - 2373. Let p = d + -734. What is the greatest common divisor of p and 152?
19
Let l be 1/(2/(-60)*-2). Let d = -72562 - -72847. Calculate the highest common factor of d and l.
15
Let k(o) = o**3 + 51*o**2 + 765. Let u be k(-51). What is the greatest common divisor of u and 90?
45
Suppose 0 = 992*s - 996*s + 5380. What is the highest common divisor of s and 10?
5
Suppose -17*s = -129*s + 16016. Let h(z) = z**3 + 6*z**2 + 4*z + 6. Let t be h(-4). Calculate the highest common factor of s and t.
11
Suppose 164 = 29*b - 434 - 214. What is the highest common factor of 44 and b?
4
Let a(r) = -2*r**2 + 8 + r**2 - 1 + 10*r. Let p be a(5). Let i = -19 - -27. What is the highest common factor of p and i?
8
Suppose 5*b + 11 = -2*r + 42, -3*r = 3*b - 69. Let s be 307 + (4 - (6 - 3)). Calculate the highest common divisor of s and r.
28
Let p = 61 + -59. Let j be (90/25)/(p/5*1). Suppose 20*i - 297 = 17*i. Calculate the greatest common divisor of i and j.
9
Suppose 0 = -12*j + 5*i + 642, -11*i = 2*j - 12*i - 106. What is the highest common factor of 14 and j?
14
Let z = -5470 - -5595. What is the greatest common divisor of z and 9?
1
Let p(c) = c**3 + 10*c**2 + 5*c + 1. Let r = 28 + -1. Let k = r + -36. Let o be p(k). Calculate the greatest common divisor of o and 259.
37
Suppose 0*a - 5*s = 2*a - 142, -321 = -5*a - 4*s. Suppose 10 = 66*v - a*v. Suppose 0 = 2*x - 4*x + 44. What is the highest common divisor of v and x?
2
Let z = -264 + 1532. Calculate the highest common factor of z and 8.
4
Suppose 3*m - 148 = -2*b, 9*m - 4*m - b - 225 = 0. Let p = 14 + -12. Suppose -p*a + a = -69. What is the greatest common factor of a and m?
23
Suppose -139 = -2*n - o, -o + 84 = n + 15. Let q be 20/n - 1842/(-21). What is the highest common factor of 11 and q?
11
Suppose -75 = -5*g + 5*h, -5 - 3 = -4*h. Suppose r - 18 = 50. Suppose -8*n + r = -4*n. What is